[INFO] cloning repository https://github.com/TuckerBMorgan/rustpt
[INFO] running `Command { std: "git" "-c" "credential.helper=" "-c" "credential.helper=/workspace/cargo-home/bin/git-credential-null" "clone" "--bare" "https://github.com/TuckerBMorgan/rustpt" "/workspace/cache/git-repos/https%3A%2F%2Fgithub.com%2FTuckerBMorgan%2Frustpt", kill_on_drop: false }`
[INFO] [stderr] Cloning into bare repository '/workspace/cache/git-repos/https%3A%2F%2Fgithub.com%2FTuckerBMorgan%2Frustpt'...
[INFO] running `Command { std: "git" "rev-parse" "HEAD", kill_on_drop: false }`
[INFO] [stdout] 80ef09ca63d78d72382e159a3979fad8a5a18653
[INFO] checking TuckerBMorgan/rustpt against master#e6e4f7ed1589e03bc2f6c5931c1a72e7947e8682 for beta-170-4
[INFO] running `Command { std: "git" "clone" "/workspace/cache/git-repos/https%3A%2F%2Fgithub.com%2FTuckerBMorgan%2Frustpt" "/workspace/builds/worker-6-tc2/source", kill_on_drop: false }`
[INFO] [stderr] Cloning into '/workspace/builds/worker-6-tc2/source'...
[INFO] [stderr] done.
[INFO] validating manifest of git repo https://github.com/TuckerBMorgan/rustpt on toolchain e6e4f7ed1589e03bc2f6c5931c1a72e7947e8682
[INFO] running `Command { std: CARGO_HOME="/workspace/cargo-home" RUSTUP_HOME="/workspace/rustup-home" "/workspace/cargo-home/bin/cargo" "+e6e4f7ed1589e03bc2f6c5931c1a72e7947e8682" "metadata" "--manifest-path" "Cargo.toml" "--no-deps", kill_on_drop: false }`
[INFO] started tweaking git repo https://github.com/TuckerBMorgan/rustpt
[INFO] finished tweaking git repo https://github.com/TuckerBMorgan/rustpt
[INFO] tweaked toml for git repo https://github.com/TuckerBMorgan/rustpt written to /workspace/builds/worker-6-tc2/source/Cargo.toml
[INFO] crate git repo https://github.com/TuckerBMorgan/rustpt already has a lockfile, it will not be regenerated
[INFO] running `Command { std: CARGO_HOME="/workspace/cargo-home" RUSTUP_HOME="/workspace/rustup-home" "/workspace/cargo-home/bin/cargo" "+e6e4f7ed1589e03bc2f6c5931c1a72e7947e8682" "fetch" "--manifest-path" "Cargo.toml", kill_on_drop: false }`
[INFO] running `Command { std: "docker" "create" "-v" "/var/lib/crater-agent-workspace/builds/worker-6-tc2/target:/opt/rustwide/target:rw,Z" "-v" "/var/lib/crater-agent-workspace/builds/worker-6-tc2/source:/opt/rustwide/workdir:ro,Z" "-v" "/var/lib/crater-agent-workspace/cargo-home:/opt/rustwide/cargo-home:ro,Z" "-v" "/var/lib/crater-agent-workspace/rustup-home:/opt/rustwide/rustup-home:ro,Z" "-e" "SOURCE_DIR=/opt/rustwide/workdir" "-e" "CARGO_TARGET_DIR=/opt/rustwide/target" "-e" "CARGO_HOME=/opt/rustwide/cargo-home" "-e" "RUSTUP_HOME=/opt/rustwide/rustup-home" "-w" "/opt/rustwide/workdir" "-m" "1610612736" "--user" "0:0" "--network" "none" "ghcr.io/rust-lang/crates-build-env/linux@sha256:5ff2268d62e97bff2cde7d5815dd6ed5b47097566f13b8d0ca110b04b60e07ed" "/opt/rustwide/cargo-home/bin/cargo" "+e6e4f7ed1589e03bc2f6c5931c1a72e7947e8682" "metadata" "--no-deps" "--format-version=1", kill_on_drop: false }`
[INFO] [stdout] b17d6ce0a42e30a933519058a73787d347cdaba765272b02b101eebb8c887741
[INFO] running `Command { std: "docker" "start" "-a" "b17d6ce0a42e30a933519058a73787d347cdaba765272b02b101eebb8c887741", kill_on_drop: false }`
[INFO] running `Command { std: "docker" "inspect" "b17d6ce0a42e30a933519058a73787d347cdaba765272b02b101eebb8c887741", kill_on_drop: false }`
[INFO] running `Command { std: "docker" "rm" "-f" "b17d6ce0a42e30a933519058a73787d347cdaba765272b02b101eebb8c887741", kill_on_drop: false }`
[INFO] [stdout] b17d6ce0a42e30a933519058a73787d347cdaba765272b02b101eebb8c887741
[INFO] running `Command { std: "docker" "create" "-v" "/var/lib/crater-agent-workspace/builds/worker-6-tc2/target:/opt/rustwide/target:rw,Z" "-v" "/var/lib/crater-agent-workspace/builds/worker-6-tc2/source:/opt/rustwide/workdir:ro,Z" "-v" "/var/lib/crater-agent-workspace/cargo-home:/opt/rustwide/cargo-home:ro,Z" "-v" "/var/lib/crater-agent-workspace/rustup-home:/opt/rustwide/rustup-home:ro,Z" "-e" "SOURCE_DIR=/opt/rustwide/workdir" "-e" "CARGO_TARGET_DIR=/opt/rustwide/target" "-e" "CARGO_INCREMENTAL=0" "-e" "RUST_BACKTRACE=full" "-e" "RUSTFLAGS=--cap-lints=forbid" "-e" "RUSTDOCFLAGS=--cap-lints=forbid" "-e" "CARGO_HOME=/opt/rustwide/cargo-home" "-e" "RUSTUP_HOME=/opt/rustwide/rustup-home" "-w" "/opt/rustwide/workdir" "-m" "1610612736" "--user" "0:0" "--network" "none" "ghcr.io/rust-lang/crates-build-env/linux@sha256:5ff2268d62e97bff2cde7d5815dd6ed5b47097566f13b8d0ca110b04b60e07ed" "/opt/rustwide/cargo-home/bin/cargo" "+e6e4f7ed1589e03bc2f6c5931c1a72e7947e8682" "check" "--frozen" "--all" "--all-targets" "--message-format=json", kill_on_drop: false }`
[INFO] [stdout] deedd33b011e8c0ab3a8cf65a941e97c64c67a8ed63ed4883b9fc40b89bed705
[INFO] running `Command { std: "docker" "start" "-a" "deedd33b011e8c0ab3a8cf65a941e97c64c67a8ed63ed4883b9fc40b89bed705", kill_on_drop: false }`
[INFO] [stderr]    Compiling num-traits v0.2.5
[INFO] [stderr]    Compiling version_check v0.1.4
[INFO] [stderr]     Checking nodrop v0.1.12
[INFO] [stderr]     Checking cfg-if v0.1.5
[INFO] [stderr]    Compiling proc-macro2 v0.4.17
[INFO] [stderr]     Checking libc v0.2.43
[INFO] [stderr]    Compiling num-integer v0.1.39
[INFO] [stderr]    Compiling rayon-core v1.4.1
[INFO] [stderr]     Checking adler32 v1.0.3
[INFO] [stderr]     Checking byteorder v1.2.6
[INFO] [stderr]    Compiling rayon v1.0.2
[INFO] [stderr]    Compiling num-iter v0.1.37
[INFO] [stderr]     Checking either v1.5.0
[INFO] [stderr]     Checking bitflags v1.0.4
[INFO] [stderr]     Checking color_quant v1.0.1
[INFO] [stderr]     Checking rand_core v0.2.1
[INFO] [stderr]     Checking arrayvec v0.4.7
[INFO] [stderr]     Checking crossbeam-utils v0.2.2
[INFO] [stderr]     Checking inflate v0.4.3
[INFO] [stderr]     Checking gif v0.10.0
[INFO] [stderr]     Checking deflate v0.7.18
[INFO] [stderr]    Compiling lazy_static v1.1.0
[INFO] [stderr]     Checking num_cpus v1.8.0
[INFO] [stderr]     Checking rand v0.5.5
[INFO] [stderr]     Checking crossbeam-epoch v0.3.1
[INFO] [stderr]    Compiling quote v0.6.8
[INFO] [stderr]     Checking crossbeam-deque v0.2.0
[INFO] [stderr]    Compiling syn v0.14.9
[INFO] [stderr]     Checking num-rational v0.1.42
[INFO] [stderr]     Checking png v0.12.0
[INFO] [stderr]     Checking jpeg-decoder v0.1.15
[INFO] [stderr]    Compiling num-derive v0.2.2
[INFO] [stderr]     Checking image v0.19.0
[INFO] [stderr]     Checking pt v0.1.0 (/opt/rustwide/workdir)
[INFO] [stdout] error[E0583]: file not found for module `sphere`
[INFO] [stdout]  --> src/main.rs:5:1
[INFO] [stdout]   |
[INFO] [stdout] 5 | pub mod sphere;
[INFO] [stdout]   | ^^^^^^^^^^^^^^^
[INFO] [stdout]   |
[INFO] [stdout]   = help: to create the module `sphere`, create file "src/sphere.rs" or "src/sphere/mod.rs"
[INFO] [stdout] 
[INFO] [stdout] 
[INFO] [stdout] error[E0583]: file not found for module `sphere`
[INFO] [stdout]  --> src/main.rs:5:1
[INFO] [stdout]   |
[INFO] [stdout] 5 | pub mod sphere;
[INFO] [stdout]   | ^^^^^^^^^^^^^^^
[INFO] [stdout]   |
[INFO] [stdout]   = help: to create the module `sphere`, create file "src/sphere.rs" or "src/sphere/mod.rs"
[INFO] [stdout] 
[INFO] [stdout] 
[INFO] [stdout] error[E0432]: unresolved import `sphere::Sphere`
[INFO] [stdout]  --> src/ray.rs:2:5
[INFO] [stdout]   |
[INFO] [stdout] 2 | use sphere::Sphere;
[INFO] [stdout]   |     ^^^^^^^^^^^^^^ no `Sphere` in `sphere`
[INFO] [stdout] 
[INFO] [stdout] 
[INFO] [stdout] error[E0432]: unresolved imports `sphere::Sphere`, `sphere::Refl`
[INFO] [stdout]   --> src/main.rs:11:18
[INFO] [stdout]    |
[INFO] [stdout] 11 | pub use sphere::{Sphere, Refl};
[INFO] [stdout]    |                  ^^^^^^  ^^^^ no `Refl` in `sphere`
[INFO] [stdout]    |                  |
[INFO] [stdout]    |                  no `Sphere` in `sphere`
[INFO] [stdout] 
[INFO] [stdout] 
[INFO] [stdout] error[E0432]: unresolved import `sphere::Sphere`
[INFO] [stdout]  --> src/ray.rs:2:5
[INFO] [stdout]   |
[INFO] [stdout] 2 | use sphere::Sphere;
[INFO] [stdout]   |     ^^^^^^^^^^^^^^ no `Sphere` in `sphere`
[INFO] [stdout] 
[INFO] [stdout] 
[INFO] [stdout] error[E0432]: unresolved imports `sphere::Sphere`, `sphere::Refl`
[INFO] [stdout]   --> src/main.rs:11:18
[INFO] [stdout]    |
[INFO] [stdout] 11 | pub use sphere::{Sphere, Refl};
[INFO] [stdout]    |                  ^^^^^^  ^^^^ no `Refl` in `sphere`
[INFO] [stdout]    |                  |
[INFO] [stdout]    |                  no `Sphere` in `sphere`
[INFO] [stdout] 
[INFO] [stdout] 
[INFO] [stdout] error: aborting due to 3 previous errors
[INFO] [stdout] 
[INFO] [stdout] 
[INFO] [stdout] Some errors have detailed explanations: E0432, E0583.
[INFO] [stdout] 
[INFO] [stdout] For more information about an error, try `rustc --explain E0432`.
[INFO] [stdout] 
[INFO] [stdout] error: aborting due to 3 previous errors
[INFO] [stdout] 
[INFO] [stdout] 
[INFO] [stdout] Some errors have detailed explanations: E0432, E0583.
[INFO] [stdout] 
[INFO] [stdout] For more information about an error, try `rustc --explain E0432`.
[INFO] [stdout] 
[INFO] [stderr] error: could not compile `pt` (bin "pt" test) due to 4 previous errors
[INFO] [stderr] warning: build failed, waiting for other jobs to finish...
[INFO] [stderr] error: could not compile `pt` (bin "pt") due to 4 previous errors
[INFO] running `Command { std: "docker" "inspect" "deedd33b011e8c0ab3a8cf65a941e97c64c67a8ed63ed4883b9fc40b89bed705", kill_on_drop: false }`
[INFO] running `Command { std: "docker" "rm" "-f" "deedd33b011e8c0ab3a8cf65a941e97c64c67a8ed63ed4883b9fc40b89bed705", kill_on_drop: false }`
[INFO] [stdout] deedd33b011e8c0ab3a8cf65a941e97c64c67a8ed63ed4883b9fc40b89bed705
